sor of 342 and 266.
38
Calculate the highest common divisor of 25 and 115.
5
Calculate the greatest common factor of 576 and 9.
9
What is the highest common divisor of 130 and 455?
65
What is the highest common factor of 10 and 41?
1
What is the greatest common divisor of 6144 and 480?
96
What is the highest common factor of 387 and 27?
9
Calculate the greatest common divisor of 186 and 6.
6
What is the greatest common divisor of 12 and 18?
6
Calculate the greatest common factor of 180 and 3510.
90
What is the greatest common factor of 65 and 3185?
65
Calculate the greatest common factor of 330 and 690.
30
What is the greatest common factor of 11625 and 310?
155
What is the highest common factor of 52 and 12272?
52
What is the highest common factor of 165 and 759?
33
Calculate the highest common divisor of 143 and 935.
11
Calculate the highest common divisor of 77 and 14.
7
What is the greatest common factor of 14 and 1162?
14
What is the highest common factor of 99 and 45?
9
What is the greatest common divisor of 13 and 169?
13
What is the highest common divisor of 252 and 9?
9
Calculate the highest common divisor of 78 and 975.
39
What is the greatest common divisor of 93 and 310?
31
What is the greatest common factor of 2349 and 18?
9
What is the greatest common divisor of 550 and 490?
10
Calculate the greatest common divisor of 3525 and 141.
141
Calculate the greatest common divisor of 60 and 5196.
12
What is the highest common factor of 42 and 966?
42
Calculate the highest common factor of 8 and 2.
2
What is the highest common factor of 651 and 21?
21
Calculate the greatest common factor of 110 and 1265.
55
What is the greatest common factor of 385 and 945?
35
Calculate the greatest common factor of 336 and 2912.
112
Calculate the highest common factor of 1802 and 53.
53
What is the greatest common divisor of 146 and 657?
73
Calculate the greatest common factor of 249 and 57.
3
What is the highest common factor of 64 and 4352?
64
Calculate the greatest common divisor of 60 and 40.
20
Calculate the greatest common factor of 18 and 1314.
18
What is the highest common divisor of 27 and 405?
27
What is the greatest common divisor of 24 and 666?
6
What is the highest common divisor of 240 and 400?
80
What is the greatest common divisor of 31 and 2511?
31
What is the highest common divisor of 3515 and 555?
185
Calculate the greatest common factor of 950 and 650.
50
Calculate the highest common divisor of 520 and 200.
40
Calculate the highest common factor of 3 and 1293.
3
Calculate the greatest common factor of 2 and 454.
2
What is the greatest common divisor of 11 and 55?
11
What is the greatest common divisor of 288 and 672?
96
Calculate the greatest common factor of 406 and 1392.
58
What is the greatest common divisor of 32 and 368?
16
What is the greatest common factor of 252 and 36?
36
Calculate the greatest common divisor of 308 and 22.
22
What is the highest common factor of 2820 and 45?
15
Calculate the greatest common factor of 9460 and 11.
11
Calculate the greatest common factor of 1680 and 378.
42
What is the highest common factor of 86 and 301?
43
What is the greatest common divisor of 14 and 1701?
7
What is the highest common divisor of 2337 and 114?
57
Calculate the greatest common factor of 44 and 308.
44
Calculate the greatest common divisor of 144 and 9.
9
Calculate the highest common divisor of 429 and 11.
11
Calculate the highest common divisor of 14 and 47320.
14
What is the greatest common divisor of 84 and 501?
3
Calculate the greatest common factor of 66 and 22044.
66
Calculate the greatest common factor of 152 and 342.
38
What is the greatest common factor of 8 and 1100?
4
What is the highest common divisor of 108 and 48?
12
What is the greatest common factor of 195 and 15?
15
What is the highest common factor of 3245 and 55?
55
What is the highest common divisor of 112 and 9264?
16
Calculate the highest common factor of 225 and 180.
45
Calculate the highest common divisor of 14 and 434.
14
Calculate the highest common factor of 72 and 3144.
24
Calculate the greatest common divisor of 210 and 150.
30
Calculate the greatest common factor of 138 and 1978.
46
What is the highest common factor of 180 and 612?
36
Calculate the highest common divisor of 729 and 108.
27
What is the highest common factor of 37 and 148?
37
What is the greatest common divisor of 118 and 1239?
59
What is the greatest common divisor of 20 and 110500?
20
What is the greatest common factor of 47867 and 317?
317
Calculate the greatest common factor of 7336 and 504.
56
What is the greatest common divisor of 10 and 35?
5
What is the greatest common factor of 237 and 1106?
79
Calculate the highest common divisor of 1528 and 3.
1
What is the highest common factor of 25 and 50?
25
What is the greatest common factor of 60 and 3150?
30
Calculate the greatest common factor of 611 and 13.
13
Calculate the highest common factor of 344 and 16.
8
Calculate the highest common factor of 44 and 8899.
11
What is the highest common factor of 11 and 704?
11
What is the greatest common factor of 12 and 1068?
12
What is the greatest common factor of 8173 and 55?
11
What is the highest common factor of 59 and 295?
59
What is the highest common factor of 27 and 18?
9
Calculate the greatest common factor of 6 and 2988.
6
What is the greatest common factor of 374 and 198?
22
What is the greatest common factor of 64 and 960?
64
Calculate the greatest common factor of 52 and 364.
52
Calculate the greatest common divisor of 8 and 236.
4
Calculate the highest common factor of 33 and 4741.
11
Calculate the greatest common divisor of 25 and 5475.
25
Calculate the greatest common factor of 188 and 172.
4
What is the greatest common divisor of 640 and 16?
16
Calculate the highest common divisor of 556 and 12.
4
What is the greatest common factor of 153 and 34?
17
What is the highest common divisor of 1566 and 12267?
261
What is the greatest common divisor of 321 and 43977?
321
What is the highest common factor of 234 and 26?
26
Calculate the greatest common factor of 20 and 1130.
10
Calculate the greatest common factor of 1035 and 9.
9
What is the highest common divisor of 2178 and 306?
18
What is the greatest common divisor of 27 and 375?
3
Calculate the highest common divisor of 63 and 9.
9
What is the greatest common factor of 35 and 145?
5
Calculate the highest common divisor of 6 and 7941.
3
Calculate the highest common divisor of 1003 and 1180.
59
Calculate the highest common divisor of 3811 and 3193.
103
What is the highest common factor of 1518 and 594?
66
Calculate the highest common factor of 75 and 50.
25
Calculate the highest common divisor of 18 and 2718.
18
What is the highest common divisor of 806 and 962?
26
Calculate the highest common factor of 1316 and 28.
28
What is the greatest common factor of 169 and 13?
13
Calculate the highest common divisor of 56 and 329.
7
What is the greatest common factor of 296 and 185?
37
Calculate the greatest common divisor of 33 and 164670.
33
What is the highest common factor of 18 and 294?
6
What is the highest common divisor of 1555 and 6842?
311
What is the highest common factor of 92 and 437?
23
What is the greatest common divisor of 9189 and 27?
9
What is the highest common factor of 38 and 2318?
38
Calculate the greatest common divisor of 36 and 2376.
36
What is the greatest common factor of 174 and 54?
6
What is the greatest common divisor of 56 and 154?
14
Calculate the highest common factor of 1157 and 65.
13
What is the highest common divisor of 583 and 53?
53
Calculate the highest common factor of 68 and 1598.
34
What is the greatest common factor of 950 and 100?
50
What is the greatest common divisor of 4371 and 423?
141
What is the greatest common factor of 163 and 2?
1
What is the greatest common factor of 351 and 13572?
117
Calculate the highest common factor of 3784 and 44.
44
What is the highest common divisor of 34 and 34?
34
What is the greatest common factor of 10 and 4025?
5
What is the highest common divisor of 225 and 2715?
15
Calculate the highest common divisor of 27455 and 95.
95
Calculate the greatest common factor of 5029 and 47.
47
What is the highest common divisor of 120 and 216?
24
What is the hi